-30660406
Convert 1123e (base 15) to base 11.
37a54
Convert -76a94 (base 11) to base 13.
-3bb5c
-2334104 (base 5) to base 4
-22200111
-24420542 (base 6) to base 13
-214298
What is -10bc1 (base 16) in base 9?
-114021
6732650 (base 9) to base 12
1269039
-31036513 (base 8) to base 3
-110100202101002
-150630 (base 10) to base 5
-14310010
Convert -132410002 (base 5) to base 3.
-1021000012202
Convert -11100112022021 (base 3) to base 9.
-4315267
What is 113546b (base 12) in base 8?
14471523
What is -8ad12 (base 16) in base 10?
-568594
What is -897893 (base 14) in base 2?
-10001110011111100111001
112231011302 (base 4) to base 13
1305113
-210201000202 (base 3) to base 15
-868ae
-100001110010110011111 (base 2) to base 11
-696a80
560363 (base 7) to base 9
160262
-113023200102 (base 4) to base 7
-102435360
30733 (base 13) to base 6
1510204
-1316794 (base 10) to base 13
-37148b
54500021 (base 6) to base 7
16546120
Convert 35256442 (base 7) to base 15.
4157d7
Convert 51603121 (base 7) to base 2.
10000100010111010010011
Convert -31012330 (base 6) to base 16.
-d8dfe
What is -1001010101110111101 (base 2) in base 14?
-7d7ad
What is 2052335 (base 6) in base 16?
18803
What is 7d46 (base 15) in base 12?
134a0
Convert -10fd93 (base 16) to base 11.
-6a0645
What is -101011010111011111011001 (base 2) in base 9?
-23346465
Convert 1514142 (base 7) to base 14.
54c92
Convert -14340022 (base 5) to base 13.
-54559
15618804 (base 9) to base 12
27462a1
2100885 (base 9) to base 5
241411111
What is 2422230 (base 6) in base 5?
13040110
What is 55d5b1 (base 14) in base 7?
33542211
Convert -200806 (base 13) to base 7.
-6215635
Convert -38c04c (base 13) to base 9.
-2515563
Convert -11010101111011100011110 (base 2) to base 15.
-9370d8
Convert 16a9330 (base 12) to base 15.
62d456
2469a3 (base 12) to base 5
122424040
Convert 3671701 (base 8) to base 3.
1220110010102
What is 113312 (base 6) in base 4?
2121230
-a7b8 (base 15) to base 8
-105252
What is -1715167 (base 8) in base 9?
-838471
Convert -65050603 (base 7) to base 10.
-5541805
What is -121211210201102 (base 3) in base 12?
-2bb860b
Convert -1024504334 (base 6) to base 12.
-377b0aa
Convert 1110022200 (base 3) to base 15.
8760
What is -51c60 (base 13) in base 10?
-147108
7ab33 (base 12) to base 6
3303303
3242104 (base 6) to base 5
20124201
Convert 1ebaa7 (base 15) to base 13.
40a308
-949c1 (base 14) to base 3
-200012222110
Convert 69c19 (base 16) to base 8.
1516031
Convert -72d26 (base 15) to base 16.
-58e36
Convert 878b5b (base 12) to base 9.
4038008
What is -86c05 (base 13) in base 12?
-b9047
202945 (base 11) to base 9
546043
Convert 31103320 (base 8) to base 11.
379a823
What is -3003c (base 15) in base 2?
-100101000101111100
53141 (base 6) to base 9
10767
What is 11464461 (base 7) in base 9?
1831233
470550 (base 8) to base 10
160104
-1904c (base 14) to base 11
-43517
What is -1001100111110010100 (base 2) in base 13?
-b0678
Convert -33123332 (base 4) to base 12.
-30712
What is -a44 (base 16) in base 6?
-20100
What is -20223413 (base 5) in base 9?
-270251
-17465722 (base 9) to base 2
-100001100000010000000010
What is -80984 (base 11) in base 5?
-12241214
What is 162552 (base 8) in base 9?
88505
What is -22123320311 (base 4) in base 15?
-39087e
28983 (base 16) to base 11
103a1a
Convert 10110111001211 (base 3) to base 13.
4c56ac
Convert -4816324 (base 9) to base 8.
-11750314
-2243324244 (base 5) to base 16
-4d2e1a
Convert 320022333 (base 6) to base 15.
759c33
Convert -10000000101001100101 (base 2) to base 14.
-da073
What is -323200021 (base 4) in base 16?
-3b809
Convert -142421030 (base 5) to base 14.
-156997
What is 20598 (base 11) in base 9?
45126
What is -2233021113 (base 4) in base 5?
-140424044
-10010220120001 (base 3) to base 9
-3126501
What is 2320003211 (base 4) in base 8?
2700345
What is 1010000001011101011010 (base 2) in base 14?
4c572a
-2c230 (base 14) to base 5
-12011234
What is -1b1029 (base 12) in base 4?
-1310313201
What is -34703 (base 12) in base 15?
-15ba6
Convert -16b2c (base 14) to base 2.
-1101111011110100
What is -225270 (base 9) in base 13?
-49647
What is 8c68c (base 13) in base 15?
50ca7
-42414715 (base 8) to base 16
-8a19cd
What is 803609 (base 13) in base 10?
2977958
What is -1541222 (base 6) in base 5?
-10403042
Convert -211021131 (base 4) to base 13.
-54345
-2c340 (base 13) to base 12
-40779
23000120 (base 4) to base 15
d555
What is 14176173 (base 8) in base 10?
3210363
4324323 (base 5) to base 16
11ff1
What is 36202057 (base 8) in base 9?
15827161
What is -11000111000100 (base 2) in base 4?
-3013010
Convert -2211201221211 (base 3) to base 2.
-101110000110000111000
What is -1212201012000 (base 3) in base 11?
-621a07
Convert -8876485 (base 10) to base 13.
-1aba377
-12a5457 (base 11) to base 16
-224a6a
Convert 110011110011000 (base 2) to base 5.
1322040
What is 562515 (base 10) in base 5?
121000030
What is 7073569 (base 10) in base 11?
3aa1528
Convert -12505112 (base 6) to base 8.
-1447104
-17121 (base 8) to base 9
-11573
Convert 54407464 (base 8) to base 3.
210221212021022
4253478 (base 10) to base 13
b5c068
Convert 4840b (base 12) to base 6.
2030415
41100244 (base 5) to base 9
554437
Convert 12356136 (base 7) to base 11.
6a8034
What is -a7770 (base 12) in base 13?
-79503
What is 22064322 (base 8) in base 5?
2203323201
Convert -83730a (base 13) to base 7.
-35053021
What is 190782 (base 11) in base 4?
1013231331
Convert -590588 (base 12) to base 8.
-5354070
What is 73978 (base 12) in base 3?
21201010102
What is -30121233 (base 4) in base 15?
-100b9
-ab1c8 (base 15) to base 7
-4423250
Convert 100101011001001111 (base 2) to base 14.
3db67
What is 5952 (base 10) in base 11?
4521
cd53d3 (base 14) to base 16
6a51ed
Convert -354576 (base 10) to base 3.
-200000101110
What is -10200021 (base 5) in base 9?
-137672
What is -1001101100001110001 (base 2) in base 8?
-1154161
Convert 52dbc (base 14) to base 7.
1462625
231002230 (base 4) to base 5
21400432
What is 1d655c (base 14) in base 11?
660501
2303343 (base 8) to base 11
3970a6
-145430 (base 8) to base 13
-1a885
What is -11010101101010110 (base 2) in base 13?
-3aa43
-11460635 (base 7) to base 3
-1220222111022
Convert 394159 (base 10) to base 11.
24a157
What is 1c5287 (base 13) in base 5?
141203314
What is -1b24271 (base 14) in base 3?
-221110121000112
What is -2195533 (base 10) in base 3?
-11010112201001
-102302332111 (base 4) to base 14
-92399b
What is 24124010 (base 5) in base 13?
7aa34
-c25a (base 13) to base 2
-110100010011001
Convert 1011332113 (base 4) to base 8.
1057627
2893721 (base 11) to base 2
10010111100111011100010
What is -23a045d (base 14) in base 10?
-17057571
What is 2122221122212 (base 3) in base 9?
2587585
What is -144246 (base 11) in base 6?
-4454423
What is 122212021211 (base 3) in base 6?
11311421
What is 233624 (base 7) in base 9?
63742
What is 10110001110111101111110 (base 2) in base 14?
aba11c
What is 1552342 (base 7) in base 3?
101220022101
Convert 78a756 (base 13) to base 6.
141033551
14444443 (base 5) to base 12
76508
-553a18 (base 12) to base 2
-101001010101011110100
-53295 (base 16) to base 5
-41400004
Convert -4503043 (base 6) to base 16.
-37383
Convert 84c74 (base 13) to base 3.
110011101122
What is -635a (base 12) in base 7?
-43456
4006334 (base 7) to base 15
9516b
ea6703 (base 15) to base 9
22887643
What is 83910 (base 10) in base 13?
2c268
What is 2114334 (base 6) in base 3?
12020210211
-2a53ec (base 16) to base 15
-39bdd1
336119 (base 11) to base 3
1000012011100
What is -253403204 (base 6) in base 9?
-10244584
What is -262134 (base 9) in base 5?
-20042114
-110011120202112 (base 3) to base 12
-21ba935
What is -2d83 (base 16) in base 6?
-125535
11330201110 (base 4) to base 2
101111100100001010100
Convert 236140 (base 9) to base 10.
142272
What is 14627720 (base 8) in base 14?
634728
What is 3de96 (base 16) in base 2?
111101111010010110
Convert 9cdc61 (base 14) to base 11.
3017727
Convert -249973 (base 11) to base 14.
-a3738
Convert 42504100 (base 6) to base 16.
131de4
What is -443443 (base 9) in base 5?
-31434430
65abb (base 13) to base 16
2cf83
What is 3571817 (base 11) in base 15?
82e57c
Convert -435523 (base 7) to base 13.
-28a17
-644d (base 16) to base 13
-b8c2
What is -30031110 (base 6) in base 7?
-10113336
What is 1236a4 